(7).
2, 3
Let i = 2 + 0. Let b be (-84)/(-6)*i/(-4). Let q(y) = y**2 + 4*y + 6. List the prime factors of q(b).
3
Let w(r) = r - 6. Let o be w(0). Let b be (4/o)/(4/(-54)). Suppose -5*s - a = -b, 3*a + 4 = 1. What are the prime factors of s?
2
Suppose -3*d + d = -6. Let j(l) = -l**2 + 3*l - 2. Let b be j(d). List the prime factors of 3*2*(-9)/b.
3
Suppose -12*z + 17*z = -3*o + 2210, -2*o = 3*z - 1472. List the prime factors of o.
2, 5, 73
Let x be (-8)/(-3)*75/(-4). Suppose 0 = 4*w + 33 + 11. Let l = w - x. What are the prime factors of l?
3, 13
List the prime factors of 2590/6 + 20/15.
433
Suppose -t + 3*t - 116 = 0. Let x(p) = -4*p. Let h be x(-1). Suppose -t = -6*n + h*n. List the prime factors of n.
29
Suppose 2*l + 2 - 8 = 0. Suppose -l*u + 13 = -s, -15 = -5*u + 3*s + 12. Suppose 14 + 25 = u*f. List the prime factors of f.
13
Let r = -30 - -34. Suppose -r*p + 32 = -8*p. Let x(a) = -a**2 - 9*a + 19. List the prime factors of x(p).
3
Let q = -566 - -1896. List the prime factors of q.
2, 5, 7, 19
Let k(a) = -3*a - 10. Let s be k(5). Let r = s + 67. Let y = r - 11. What are the prime factors of y?
31
Suppose 0 = -3*s + 30 - 78. List the prime factors of 10/(-8)*(s + -4).
5
Suppose -2*u = 2*o - 8, 0*o - 19 = 4*o - 3*u. Let v(r) = 2*r**3 + 3*r**2 + 3*r + 1. Let a be v(o). List the prime factors of (-2*13/2)/a.
13
Let n(h) = -h**2 - 2*h - 2. Let a be n(-1). Let x be (4/(-10))/(a/5). List the prime factors of (13/x)/((-5)/(-10)).
13
Let c(h) = h**3 - 22*h**2 + 15*h - 55. List the prime factors of c(22).
5, 11
List the prime factors of -334*(-1)/2 - (-48)/12.
3, 19
Let v = 1389 + -1083. List the prime factors of v.
2, 3, 17
What are the prime factors of (1584/8)/(54/(-20) - -3)?
2, 3, 5, 11
Suppose -7*h + 6*h + 225 = 0. List the prime factors of h.
3, 5
Suppose h + 2*h + 227 = 5*k, 5*k = -4*h + 199. Let s = k + 5. List the prime factors of s.
2, 3
Let q(b) = 2*b**2 - 2*b. Let w be q(2). Suppose y = -2*i - 2*y + 101, 38 = i + w*y. What are the prime factors of i + -2 + (2 - 1)?
3, 19
Suppose -62 = 5*z - 4*a, 5*z + a + 3*a + 38 = 0. What are the prime factors of 5*1/(-25) + (-102)/z?
2, 5
Let i = 2667 + -1722. What are the prime factors of i?
3, 5, 7
Let d(q) = q. Let v be d(-1). What are the prime factors of ((-2)/(-4))/v - (-6169)/62?
3, 11
Let w = 14 - 14. Let o = 0 + w. Let a(n) = -n + 30. What are the prime factors of a(o)?
2, 3, 5
Suppose -2*w - w - 68 = -4*u, u - 12 = 2*w. Suppose -2*s + 7*s - u = 0. Let a = s - -21. What are the prime factors of a?
5
Suppose 0 = 4*i + 2*a - 510, -i + 5*a + 93 = -18. What are the prime factors of i?
2, 3, 7
Let t = 476 + -456. List the prime factors of t.
2, 5
Let s be 1/(-2 - 0 - -3). Let q = 8 + s. What are the prime factors of (-27 + q)*(-2)/4?
3
Let i = -870 + 1269. What are the prime factors of i?
3, 7, 19
Let h(s) = s**3 - 10*s**2 + 10*s - 9. Let k be h(9). Suppose 132 = 2*t - f, k = t + 3*f + f - 48. List the prime factors of t.
2
Suppose -4 = -x, 4*i - 4 = -0*i + 3*x. Suppose 0 = -i*c + 306 - 6. What are the prime factors of c?
3, 5
Let n = 793 - 140. List the prime factors of n.
653
Suppose -3*h = -z - 11, -21 = -5*z + z - h. Let o = -162 - -250. Suppose 4*l - l + z*x = 131, -2*l - 3*x = -o. What are the prime factors of l?
41
Let g = 6697 + -3480. List the prime factors of g.
3217
Let i(z) = -3936*z**3 - 4*z**2 + 2*z + 5. What are the prime factors of i(-1)?
5, 787
Let y(m) = 156*m**2 + 11*m + 31. What are the prime factors of y(-3)?
2, 701
Let b be 56 + 2 - 6/(-3). Suppose 5*d - d = b. List the prime factors of d.
3, 5
Let z(c) = c**3 + 6*c**2 + c - 6. Let a = 13 + -22. Let j = a + 4. What are the prime factors of z(j)?
2, 7
Suppose -12 = -0*x - 3*x. Suppose x*a - 2*m - 15 = 7, -4*a = 4*m - 40. What are the prime factors of a?
7
Let t(y) be the third derivative of 0*y**4 - 1/6*y**3 + 0 + 0*y + 1/30*y**5 - 1/120*y**6 + 2*y**2. What are the prime factors of t(-2)?
3, 5
Let k be (10/(-6))/((-2)/(-18)). Let r = -25 + 2. Let x = k - r. List the prime factors of x.
2
Let r(n) = 88*n - 44. List the prime factors of r(3).
2, 5, 11
Suppose 2*h + p = 12074, -18122 = -0*h - 3*h + 4*p. What are the prime factors of h?
2, 3019
List the prime factors of ((-18)/(-21))/((-7)/(-3675)).
2, 3, 5
Let n = 33 + -31. Suppose -2*q = -4*b, 0*b - 5*q = n*b - 24. List the prime factors of 6*(7/b + 2).
3, 11
Let w(x) = 119*x - 353. List the prime factors of w(20).
2027
Let o = -3 - -4. Let j = 15 - o. List the prime factors of j.
2, 7
Let q(p) = -p**3 + 3*p**2 - 1. Let r(b) = b**2 - 4*b - 11. Let h be r(6). Let k be q(h). Suppose -81 + k = -4*o. What are the prime factors of o?
2, 5
Let y = 12 - -19. Let g = -55 + y. List the prime factors of 6/(-4)*g/9.
2
Let r(v) = -6*v + 20. Let n(k) = -k**3 - 6*k**2 - 7. Let x be n(-6). What are the prime factors of r(x)?
2, 31
Let h(v) = -5*v + 9. Let k = 14 - 22. Let g be h(k). Let b = g + -10. List the prime factors of b.
3, 13
Let j(y) be the first derivative of 5*y**2/2 + 18*y - 22. List the prime factors of j(4).
2, 19
Suppose -3*m - 2*q + 15 = -10, 0 = -4*m + q + 15. Let j(f) = -f**3 - f**2 + 2*f + 58. Let l be j(0). Suppose m*h - l = 12. List the prime factors of h.
2, 7
What are the prime factors of 537/2*(-7 - (-348)/36)?
2, 179
Let m be (-4)/(-2) + (-3)/((-15)/1250). Suppose 0 = b + 2*b - 3*a - m, 0 = 3*b + 2*a - 242. List the prime factors of b.
2, 41
Let f be 4 + -5 + 1 + 3. Suppose -f*l + 198 = -0*l. What are the prime factors of l?
2, 3, 11
Suppose 0 = -j - 0*j - 2. What are the prime factors of (-852)/(-16) + j/8?
53
Let o be 39732/98 - ((-18)/(-14))/3. Let c = 676 - o. What are the prime factors of c?
271
Let k(v) = v**2 - 1. Let a be k(-2). Suppose a*d - 20 = -5. Suppose 4*i - 74 = i + s, -2*s = -d*i + 122. What are the prime factors of i?
2, 13
Suppose 2*o + k - 499 = 0, -2*o + 97 = 3*k - 404. What are the prime factors of o?
3, 83
Let w be (-64)/20 - 3/(-15). List the prime factors of (-2)/w*27/6.
3
Let g(d) = 9*d - 1. Let i(o) = -4*o - 7. Let n be i(-3). Suppose 3*a + 0*a - 2 = 2*v, -n*v + 8 = -a. List the prime factors of g(a).
17
Let x = -43 + 43. Suppose 93 = 5*n + 2*p - x, 5*n + p - 94 = 0. What are the prime factors of n?
19
Suppose -4*u + 130 = 3*w, -5*w - 5*u + 222 = -u. List the prime factors of w.
2, 23
Let p(k) = -2*k**2 - 15*k + 10. Let o = 3 - 11. Let z be p(o). Suppose x + 60 = i, z*x - x = -3*i + 196. List the prime factors of i.
2
Suppose -5*f + 132 = 4*d - 0*d, 3*d = -6. Let r = f + -29. List the prime factors of 3/(9/156) + r.
3, 17
Suppose p + l - 1497 = 0, 4*p - 5*p + 1491 = -5*l. What are the prime factors of p?
2, 11, 17
Suppose -5*y = -4*w - 28, -y = -3*w - 4 - 6. Suppose 0 = -2*g - 0*g - 8. Let q = w - g. List the prime factors of q.
2
List the prime factors of -5 + 12 + 0 + 1329.
2, 167
Suppose 2*d - 2209 = s - 522, 0 = d - 4*s - 847. What are the prime factors of d?
3, 281
Suppose -5*w + 10 = -0*w. Suppose -w*u = -u. Suppose -m + 5*m + 4 = 0, u = r + 5*m - 21. What are the prime factors of r?
2, 13
Let s = 2227 + -1054. List the prime factors of s.
3, 17, 23
Let m(r) = 4*r**2 - 24*r + 237. What are the prime factors of m(-19)?
2137
Suppose g + 0*h = 5*h + 106, 2*g - 4*h - 194 = 0. What are the prime factors of g?
7, 13
Suppose 36*h = 17*h + 17898. List the prime factors of h.
2, 3, 157
Suppose -390 = -4*s + s. Let j = 182 - s. Let h = -28 + j. List the prime factors of h.
2, 3
Let c(s) = 3*s + 15. Let u be c(-4). Suppose 9*i - u*i = 642. What are the prime factors of i?
107
Let m = -15 + 74. Suppose -6*z - m = -7*z. Suppose 0 = -x + z - 21. What are the prime factors of x?
2, 19
Let w(i) = -1. Let u(s) = 27*s - 4. Let z(v) = u(v) - 4*w(v). Suppose 4*n - 6 = -2*n. List the prime factors of z(n).
3
Suppose 4*v - 5*a = 28 + 30, -4*a - 77 = -5*v. Let h = v - -83. List the prime factors of h.
2, 5
Let t(s) = -1 + 3 + 10*s**2 - 6. List the prime factors of t(5).
2, 3, 41
Suppose -37*i + 12 = -34*i. Suppose -i*b = -581 - 327. List the prime factors of b.
227
Suppose 2*z = -0*z - 6. Let v = z - -7. Suppose -9 = -v*b + 3. What are the prime factors of b?
3
Let t be (-1 + 1 + 1)*4. Let p be 23/6 + t/24. Suppose 3*f = 3*j - 21, 2*j - 25 = -3*f + p. What are the prime factors of j?
2, 5
Let m(s) = -s**3 - 14*s**2 + 59*s - 94. What are the prime facto